3416 and 2430484?
1708
Calculate the greatest common divisor of 295 and 382556.
59
What is the highest common factor of 8349 and 3657?
69
What is the greatest common divisor of 169 and 231361?
169
Calculate the highest common factor of 265090 and 28.
14
Calculate the highest common divisor of 162 and 435240.
54
What is the highest common divisor of 119 and 2208402?
119
Calculate the highest common divisor of 46637 and 447.
149
Calculate the highest common divisor of 28 and 317478.
14
What is the highest common factor of 21028 and 35?
7
Calculate the highest common divisor of 984 and 1536.
24
Calculate the greatest common factor of 160482 and 112.
14
What is the highest common factor of 49 and 7875?
7
Calculate the greatest common divisor of 78056 and 264.
88
Calculate the highest common factor of 373 and 56.
1
Calculate the highest common factor of 2120 and 197690.
530
What is the greatest common divisor of 11574 and 57?
3
What is the greatest common factor of 113646 and 117?
39
What is the highest common divisor of 1936 and 16?
16
Calculate the greatest common factor of 31045 and 98.
7
Calculate the greatest common factor of 39 and 347607.
39
What is the greatest common factor of 192 and 118176?
96
Calculate the highest common factor of 402 and 1306902.
402
Calculate the greatest common divisor of 98 and 3858652.
98
Calculate the highest common divisor of 1411 and 578.
17
Calculate the greatest common divisor of 481 and 24901.
37
What is the highest common divisor of 134 and 4594?
2
Calculate the highest common divisor of 46 and 995693.
23
What is the highest common divisor of 6 and 6309?
3
What is the highest common factor of 10320 and 35475?
645
Calculate the greatest common factor of 1240080 and 240.
240
Calculate the highest common factor of 441684 and 72.
36
What is the highest common factor of 87304 and 2968?
56
Calculate the greatest common factor of 4648 and 60816.
56
What is the highest common divisor of 346954 and 188?
94
Calculate the greatest common factor of 57 and 209.
19
Calculate the highest common factor of 232 and 41122.
58
Calculate the greatest common divisor of 816 and 2744.
8
What is the highest common divisor of 21830 and 18290?
590
What is the highest common factor of 392 and 292334?
98
What is the greatest common factor of 801768 and 264?
264
What is the greatest common divisor of 56 and 16114?
14
Calculate the greatest common divisor of 11719952 and 32.
16
Calculate the greatest common divisor of 130976 and 32.
32
What is the highest common factor of 12236 and 43792?
644
Calculate the greatest common divisor of 304090 and 470.
470
What is the highest common divisor of 489982 and 1636?
818
Calculate the greatest common divisor of 8303 and 115.
23
Calculate the highest common factor of 965 and 20.
5
What is the greatest common divisor of 680 and 3264?
136
What is the highest common factor of 872 and 58808?
8
What is the greatest common factor of 350 and 4357850?
350
Calculate the greatest common factor of 266 and 675752.
14
What is the highest common factor of 3058 and 22715?
11
What is the greatest common factor of 8088385 and 925?
185
Calculate the greatest common factor of 32 and 124144.
16
What is the highest common divisor of 100 and 6434?
2
What is the highest common factor of 891 and 1404?
27
What is the greatest common divisor of 33762 and 510?
102
Calculate the highest common factor of 2706 and 3786.
6
What is the greatest common factor of 102157 and 222?
37
What is the highest common factor of 950 and 499225?
475
What is the highest common factor of 440 and 72640?
40
What is the greatest common divisor of 25245 and 119680?
935
What is the greatest common factor of 36203 and 41?
41
Calculate the highest common divisor of 43027 and 51.
17
Calculate the greatest common divisor of 1184 and 416.
32
What is the greatest common factor of 1488732 and 222?
222
What is the greatest common factor of 5188212 and 201?
201
Calculate the highest common divisor of 134768 and 16.
16
Calculate the highest common factor of 73513 and 451.
451
What is the greatest common factor of 21 and 2840943?
21
Calculate the highest common factor of 33663 and 66639.
687
What is the greatest common factor of 4175028 and 11?
11
What is the highest common divisor of 3700 and 18250?
50
Calculate the greatest common divisor of 616318 and 34.
34
What is the highest common divisor of 14 and 41629?
7
Calculate the greatest common divisor of 2409 and 6009652.
803
What is the highest common factor of 357 and 205989?
357
Calculate the highest common divisor of 7729 and 36521.
59
Calculate the highest common divisor of 2371418 and 4746.
1582
What is the highest common factor of 41398 and 126?
14
Calculate the highest common divisor of 8694 and 75.
3
Calculate the greatest common divisor of 170 and 11662.
34
Calculate the highest common factor of 3487350 and 50.
50
Calculate the highest common factor of 11016 and 651576.
408
Calculate the highest common factor of 3465 and 141680.
385
What is the highest common factor of 13962 and 507?
39
Calculate the highest common factor of 152 and 172748.
76
Calculate the greatest common factor of 1432339 and 29.
29
What is the greatest common factor of 19974 and 12?
6
What is the greatest common divisor of 98518 and 2387?
217
What is the highest common divisor of 1800189 and 3?
3
Calculate the highest common divisor of 107164 and 584.
292
Calculate the highest common divisor of 7192 and 109616.
248
What is the highest common divisor of 1377163 and 25909?
1993
Calculate the greatest common factor of 8184 and 15128.
248
What is the highest common divisor of 26 and 29074?
2
Calculate the greatest common factor of 16577 and 3751.
121
Calculate the highest common factor of 2538 and 62228.
94
Calculate the highest common factor of 670850 and 100.
50
What is the highest common divisor of 1708 and 5655188?
1708
What is the greatest common divisor of 50 and 5582100?
50
What is the greatest common divisor of 3151408 and 26?
26
Calculate the highest common factor of 2 and 79126.
2
What is the greatest common divisor of 84552 and 1355?
271
Calculate the highest common factor of 16114 and 98.
14
Calculate the highest common divisor of 1365 and 54327.
273
Calculate the highest common factor of 476 and 3893.
17
What is the highest common factor of 3630 and 1225290?
330
Calculate the highest common factor of 7686 and 294.
42
Calculate the greatest common divisor of 1932 and 181884.
276
Calculate the highest common divisor of 40707 and 1692.
9
Calculate the highest common factor of 2677100 and 1140.
380
Calculate the highest common divisor of 50 and 24736.
2
Calculate the greatest common factor of 1442 and 16772.
14
What is the highest common factor of 754 and 50401?
13
Calculate the greatest common factor of 154128 and 95.
19
What is the highest common factor of 106754 and 2?
2
What is the highest common divisor of 17787 and 1519?
49
What is the greatest common divisor of 5253781 and 26?
13
Calculate the highest common factor of 13910 and 14170.
130
Calculate the greatest common factor of 522 and 1742697.
261
What is the greatest common divisor of 726 and 24211?
11
What is the greatest common factor of 22 and 1266562?
22
Calculate the highest common factor of 640 and 24576.
128
What is the greatest common divisor of 1120 and 8904?
56
Calculate the highest common factor of 71937 and 18.
9
Calculate the highest common factor of 901394 and 7696.
962
What is the highest common factor of 8184 and 768?
24
Calculate the greatest common factor of 305 and 206485.
305
What is the greatest common factor of 134982 and 36?
18
Calculate the highest common factor of 6116175 and 5265.
1755
Calculate the greatest common factor of 158052 and 12.
12
What is the highest common divisor of 2145062 and 361?
361
What is the greatest common factor of 2583 and 19?
1
Calculate the greatest common factor of 258 and 1072506.
258
Calculate the highest common divisor of 27486 and 6102.
54
Calculate the greatest common factor of 45 and 199620.
45
What is the greatest common divisor of 279 and 771776?
31
Calculate the greatest common divisor of 24980 and 55.
5
Calculate the highest common divisor of 2235 and 1042851.
447
Calculate the highest common divisor of